he third derivative of -y**4/8 - 4*y**3/3 + y**2. Let s be 42/(-5) - (6/(-15))/((-226)/339). Determine a(s).
19
Let f(c) = -c + 1. Suppose h = -3*h - 8. Let x(o) be the second derivative of -o**3/6 + 5*o**2/2 + 5*o. Let m(w) = h*f(w) + x(w). Determine m(-10).
-7
Let l(s) be the third derivative of s**6/120 - 7*s**5/30 + 29*s**4/24 - 11*s**3/6 - 3*s**2 - 8*s - 16. What is l(12)?
49
Let g(y) = -12*y**2 + 4*y - 3. Let f be ((-260)/78)/(2/(-3)). Suppose f*h + 14 + 5 = 2*a, h = 4*a - 11. Give g(a).
-43
Suppose 5*o + 17 = l + 2*l, -o + 33 = 2*l. Suppose l*j + 44 = -26. Let z(f) = -f**3 - 7*f**2 - 8*f - 6. What is z(j)?
-16
Let m(c) be the third derivative of 25*c**4/24 + 43*c**3/6 + 328*c**2. What is m(-2)?
-7
Let h = 358 - 322. Suppose 45 = -27*w - h. Let m(f) = 9*f - 1. Give m(w).
-28
Let b be -12*(28/20 + 527/(-255)). Let s(p) = -p**3 + 8*p**2 + 10*p - 12. What is s(b)?
68
Let b(w) = w**2 + 7*w - 3. Let n = -47 + -30. Let v(d) = d**3 + 6*d**2 + 4*d + 5. Let l be v(-7). Let s = n - l. Determine b(s).
-13
Suppose 5*k - 4*k + 6 = 0. Let c(m) be the second derivative of 5/2*m**2 + 24*m - 5/6*m**3 + 0 - 1/12*m**4. What is c(k)?
-1
Let l(a) = 10*a**3 - 15*a**2 + 12*a - 8. Let i(d) = -3*d**3 + 5*d**2 - 4*d + 3. Let r(f) = 7*i(f) + 2*l(f). Let b = 8254 - 8250. What is r(b)?
5
Let g(h) be the first derivative of h**6/360 - h**5/40 - 5*h**4/24 - 55*h**3/3 - 26. Let i(s) be the third derivative of g(s). What is i(6)?
13
Suppose -7*g - 78 = -4*g. Let x = 30 - g. Let j(q) = x - 5*q + 3*q**2 - 2*q**2 - 66. Determine j(7).
4
Let x(s) = 11*s - 11 - 12*s + 6 - 14. What is x(-7)?
-12
Let r(o) = -o**3 - 16*o**2 + 5*o - 4. Let c(d) = -d**3 - d**2 - 3*d - 4. Let b(w) = c(w) + r(w). What is b(-9)?
55
Let c(l) = -33*l + 16*l - 8 + 8*l + l**2. Determine c(10).
2
Suppose -2*b - 6 = -0*b. Let u(w) = 810 + 823 + 8*w - 1627 - 6*w. Determine u(b).
0
Let l(m) = 23*m - 7. Suppose 1013*w = 976*w + 37. What is l(w)?
16
Let t(h) = 205*h**2 - 3*h**3 + h + 4*h**3 - 198*h**2 - 1. Let m(d) = 2*d - 3. Let l be m(3). Let i = -10 + l. Calculate t(i).
-8
Let z(l) = -78 - 73 - 55 + 2*l**2 + 198 - 8*l. Determine z(4).
-8
Let g(i) = 2*i**3 + 28*i**2 - i - 22. Let u be (-7)/((-14)/(-20)) - (-56 + 60). What is g(u)?
-8
Let a(f) = 0 - 2*f**3 + 5*f**2 + 3*f**3 + 2. Suppose -4*n - 1 = -4*z - 21, 4*n = -5*z - 25. What is a(z)?
2
Let o(i) = -7*i**3 - 12*i**2 + 28*i - 24. Let a(t) = -12*t**3 - 25*t**2 + 45*t - 47. Let k(h) = -4*a(h) + 7*o(h). Give k(17).
3
Let y(h) = 2*h**3 - 21*h**2 + h + 107. Let s be y(10). Let q(i) = -3*i**3 + 50*i**2 + 21*i - 37. Calculate q(s).
31
Let n be (6 + -5)/((-1)/5). Let d(k) = 0 + 5*k - 1 - 2 - 7. Let l(w) = -4*w + 8. Let y(u) = 3*d(u) + 4*l(u). What is y(n)?
7
Let z(m) = m**3 - 4*m**2 + 4*m + 3. Suppose -30*q + 46679 - 46589 = 0. Determine z(q).
6
Let b(k) = 0 - k + 2 - 228*k**3 - 230*k**3 + 447*k**3. Let g(r) = 9*r**3 - r**2 + 2*r - 3. Let s(o) = -4*b(o) - 5*g(o). Calculate s(5).
-23
Let r(p) be the third derivative of -p**5/60 - 35*p**4/24 + 2*p**3/3 + 169*p**2 - 5*p. Give r(0).
4
Let y(u) = -u**2 - 3*u + 2. Let a be -4 - (4/16 + (-166)/(-8)). Let v = a - -22. What is y(v)?
2
Let z(x) = x**3 - 11*x**2 - 12*x + 2. Let s be z(12). Let m(a) = -5*a**2 - 64 + 29 + 33 + 3*a**s + 2*a. Calculate m(2).
-6
Let u(y) be the second derivative of -1/2*y**2 - y - 4/3*y**3 - 1. Determine u(-1).
7
Suppose 196 = -3*a + 190. Suppose -2*o - 16 = -3*u + 3*o, -4*u - 4*o + 64 = 0. Let l be (10 - 13)/(9/u*a). Let f(z) = z**2 - 3*z + 4. What is f(l)?
2
Let o be (-1)/(-1*6/42). Suppose 0 = -5*t + 2*t. Suppose k - o = -t. Let n(p) = p**2 - 7*p - 8. Determine n(k).
-8
Let k(y) = 24*y + 68. Let v(g) = -4*g - 9. Let i(m) = k(m) + 5*v(m). Calculate i(-3).
11
Let a(l) = 299109 - 299106 - l**2 + 7*l + 2*l**2. Suppose -3*p - 4*g - 11 = 0, -9 = 5*g + 16. Suppose 2*x - o = -15, -24 = p*x - 0*o - 3*o. What is a(x)?
3
Suppose 28*m + 207 = 18015. Let i(h) = m + 631 - 5*h + 13*h - 1266 + h**2. Calculate i(-7).
-6
Let v = -19407 + 19410. Let y(r) = -6*r. Give y(v).
-18
Let r(f) = 37*f + 187. Suppose 12*v + 152 = -27*v - 43. Determine r(v).
2
Let n(l) = 2*l**3 + 7*l**2 - 5*l - 24. Let y(o) = -4*o**3 - 15*o**2 + 9*o + 45. Let z(x) = -9*n(x) - 5*y(x). Give z(-6).
-9
Suppose -o - 35 = -5*l, -5*l - 4*o + 102 = 42. Let c(h) = -3*h + 17. Calculate c(l).
-7
Let d(y) be the second derivative of -y**5/20 - y**4/2 - y**3/6 - 15*y**2/2 + 5746*y. Calculate d(-7).
41
Suppose 31*i = -17 + 265. Suppose -10*h = -8*h - k + 11, -4*h - 4*k + i = 0. Let n(t) = t**3 - t**2 - 3*t + 2. What is n(h)?
-25
Suppose 0 = 2*m + 3*m - 35. Suppose -65 = -9*a - 20. Suppose 12 = a*x - m*x. Let u(h) = -h + 5. Determine u(x).
11
Suppose 0 = -4*k, 6*a - 3*a - 12 = 5*k. Let s be (1 - 2)*(12/a + -1). Let c(f) = f. What is c(s)?
-2
Let n(w) = -5 - 41 + 19*w - 6 - 20. Let h(r) = 11*r - 37. Let s(g) = -5*h(g) + 3*n(g). What is s(0)?
-31
Let s(d) = -16 + 132*d**2 - 250*d**2 - 12*d + 117*d**2. Suppose -19 = 2*o - 5*a, -4*a + 0 + 8 = 2*o. Let w be 2*(o - 14/4). Determine s(w).
-5
Let g(s) = -3*s + 371 - 144 - 140. What is g(0)?
87
Let i(g) = 46*g + 3. Let y(a) = 30*a + 2. Suppose 2*b + 10 = 4*o, 4*b - 5*o + 20 = -3*o. Let m(h) = b*i(h) + 8*y(h). Calculate m(2).
21
Suppose -31*z + 29*z + 22 = 0. Let g(x) = -6*x**3 + z*x**2 + 1 - 3 + 7*x**3 - 4. What is g(-11)?
-6
Let j(n) be the third derivative of 1/120*n**6 + 75*n**2 + 5/24*n**4 + 1/12*n**5 + 0*n + 2 - 1/3*n**3. Determine j(-4).
-6
Let m(h) = 22*h**3 + 5*h**2 + 11*h + 2. Let u(v) = -59*v**3 - 16*v**2 - 34*v - 7. Let b(x) = -8*m(x) - 3*u(x). What is b(-5)?
10
Let y(r) = -2153*r**2 - 6*r - 1 + 4323*r**2 + r**3 - 2169*r**2. Calculate y(-3).
-1
Suppose 0 = -3*t + 4*k + 13, 29 = 5*t - 0*t - 3*k. Let m be (-2*1)/(t/(-21)*-1). Let c(w) = 3*w. Calculate c(m).
-18
Let f(k) = 18*k + 12. Let g(q) = -40*q - 26. Let c(w) = -13*f(w) - 6*g(w). Let d(o) = -o + 1. Let t = -5 + 0. Let j(b) = t*d(b) - c(b). What is j(-6)?
1
Suppose -5*k + 8*g = 5*g, 0 = -4*k - 3*g + 27. Let b(o) be the third derivative of 1/4*o**4 + 3*o**2 + 1/6*o**k + 1/60*o**5 + 0*o + 0. What is b(-7)?
8
Let z(m) be the second derivative of -m**4/12 - 4*m**3/3 + m**2/2 - m. Let c be (-7 - -25) + 312 + -338. Give z(c).
1
Let a(j) = 392*j - 51 + 3 - 796*j + 400*j. Give a(-14).
8
Suppose -210*o = -222*o - 60. Let c(s) = -3*s - 15. What is c(o)?
0
Let l(v) = -58 - 24 + 4*v + 27. Determine l(13).
-3
Let i(s) be the third derivative of -s**6/20 + s**5/20 - s**4/8 - s**3/6 - 2356*s**2. Calculate i(1).
-7
Suppose 7 + 18 = -5*v. Let g(r) = 5*r**2 + 11. Let j(c) = -19*c**2 + 4*c - 47. Let m(o) = -4*g(o) - j(o). Calculate m(v).
-2
Let r(c) = -c**3 + 9*c**2 - 7*c - 14. Let b(x) = 35*x + 2178. Let p be b(-62). Determine r(p).
-6
Let y = 14 - 18. Let m be -7 - (-5 + 3 - 2). Let n(g) = g**2 + 12*g + 8. Let k(o) = -o**2 - 14*o - 9. Let q(f) = m*k(f) - 4*n(f). Give q(y).
3
Let r be 39136/48 + 4*(-4)/(-24). Let q(n) = -2447 + 817 + r + 12*n + 816. Determine q(-1).
-10
Suppose -49*q - 2*b - 26 = -51*q, 5*b + 55 = 3*q. Let a(v) = 2*v**3 - 11*v**2 + 3*v + 10. Give a(q).
0
Let g(r) = 6. Let k(j) = -j - 1. Let d(v) = g(v) - k(v). Let p be 124/(-1054) + 3606/17. Suppose -187*c = -p*c. Determine d(c).
7
Let y(l) = -11*l**3 + 4*l**2 - 32*l + 14. Let x(s) = 4*s**3 - 2*s**2 + 11*s - 5. Let i(a) = -8*x(a) - 3*y(a). What is i(-4)?
-34
Let u = 310 + -154. Suppose 4*r + u = 124. Let t(i) = -i**3 - 9*i**2 - 10*i + 5. Calculate t(r).
21
Let n(z) be the third derivative of 44*z + 0 + z**2 - 13/6*z**3 - 1/24*z**4. Calculate n(-6).
-7
Let o(t) = t**3 + 4*t**2 + 2*t - 3. Let m = -14 + 18. Let d = -232 + 243. Suppose -d*u - 11 = -6*u + 2*c, 0 = 2*u + c + m. Calculate o(u).
0
Let p be (-28)/154 + 26/22. Let g(s) = -5*s**3 - 3*s**2 + 1. Let a(y) = -y**3 - y**2. Let u(n) = p*g(n) - 4*a(n). What is u(2)?
-3
Let z = 5997 - 6000. Let q(b) be the first derivative of -1 + 1/3*b**3 + 4*b + 5/2*b**2. Determine q(z).
-2
Let m(n) = n + 2. Let a(u) = -u - 2. Let t(v) = -3*a(v) - 4*m(v). Suppose -5*l = -3*l + 2*h - 6, -65 = -5*l + 5*h. Let x be (2*1)/l + 415/(-332). Give t(x).
-1
Let v = -104 + 139. Let p be (2/(-1))/((-28)/v)*-2. Let m(i) = -7*i**2 + 6. Let s(a) = 8*a**2 - a - 6. Let b(j) = -6*m(j) - 5*s(j). Calculate b(p).
19
Let v be (-11)/(55/2) + 6/(-10). Let g = 9 + -7. Let m(l) = 32 - 70 